 n(k) = k**2 + 5*k - 16. Let x be n(-8). Suppose y + 2*z + 2 = -2*z, y - 18 = z. Let c = y - x. Let m(j) = -3*j + 6. What is m(c)?
-12
Let b(k) = -k - 4*k**2 + 0*k**2 - 5 + 0*k - 10*k**2 + k**3 + 24*k**2. Let i(j) = -j**2 + j - 4. Let m be i(3). What is b(m)?
5
Let q(a) = 2*a - 26. Let v(b) = -b + 13. Let x(c) = 6*q(c) + 13*v(c). Calculate x(9).
4
Let w(h) = -3*h + 20. Let t(q) = 2*q - 13. Let d(z) = 8*t(z) + 5*w(z). Calculate d(-9).
-13
Let v(p) = p**2 + 5*p - 3. Suppose 3*l + 2*l - 140 = 0. Suppose 3*q + l - 7 = -h, 4*q = 5*h - 9. Calculate v(q).
3
Suppose 0 = 2*x - 30 + 4. Suppose 0 = -5*t - x - 7. Let f(z) = -z**3 - 4*z**2 + 2*z + 4. Give f(t).
-4
Let r(a) = 5*a**2 - a + 7. Let z(p) = 7*p**2 - 2*p + 8. Let x(c) = -4*r(c) + 3*z(c). Determine x(4).
4
Let g be 3*(26/6)/(-1). Let w(y) = -y - 20. Let r be w(g). Let i(u) = -u**2 - 5*u + 5. Calculate i(r).
-9
Let u(r) = -35*r**2 - 4*r + 11. Let p(g) = 16*g**2 + 2*g - 5. Let o(x) = 13*p(x) + 6*u(x). Determine o(-1).
-3
Let v(k) be the first derivative of k**2 + 9*k + 2. Suppose -15*w - 40 - 65 = 0. What is v(w)?
-5
Let r(c) be the second derivative of c**3/3 - 3*c**2/2 - c + 41. What is r(5)?
7
Let c(o) = -o**3 + o**2 + 44*o - 12. Let i be c(7). Let f(d) be the second derivative of -1/6*d**3 - i*d + 0 - 4*d**2. What is f(0)?
-8
Let w(c) = -c**3 + 7*c**2 - 5*c + 6. Let k(y) = -11*y - 158. Let g be k(-15). Give w(g).
-29
Let g = 135 - 131. Let z(c) = c**2 - 5*c + 2. Give z(g).
-2
Suppose c + 2 = 6. Let z(g) be the first derivative of -g**5/120 - g**4/12 + 10*g**3/3 + 15. Let y(l) be the third derivative of z(l). Determine y(c).
-6
Let n(d) = 15*d - 12. Let m(u) = -u**3 + 63*u**2 + 270*u - 129. Let p be m(67). Give n(p).
63
Let x(z) = -z - 11. Let n be 3 + (-12)/3 + -5. Let k be x(n). Let b(p) = 4*p**2 + p**3 - 6 + 3*p**2 - p**2 + 5*p. What is b(k)?
-6
Let j(l) be the second derivative of 7*l**5/20 - l**3/6 - l**2/2 - 2*l. Let m = 111 + -112. Give j(m).
-7
Let k(q) = 5*q. Let o(u) be the second derivative of -u**3/6 + 5*u**2 + 9*u. Let v be o(11). Calculate k(v).
-5
Let f(d) = -59*d**2 - 57*d**2 + 150*d**2 - 49*d**2 - 1. Suppose 6 = -2*m + 3*v - 4*v, 3*m + 7 = -v. Determine f(m).
-16
Let c(t) = t + t - 4 - t. Let s be ((-1)/(-3))/((-8)/(-120)). Suppose -3*n + 2*z = -6*n + 6, 5*z = -5*n + s. What is c(n)?
0
Let j(a) = a**2 - a - 3*a**3 + a**3 + 4*a**3 - a**3. Let v = 40 + -36. Suppose -3*i + 6 = -3*b, 2*b - v*b + 4*i - 2 = 0. Give j(b).
-15
Suppose 4*y + 6 - 30 = 0. Let w(m) = -2*m - 3*m - 1 - 6 + 6*m. Give w(y).
-1
Let d(f) = -4*f + 0*f - 8 + 4*f + 3*f. Determine d(4).
4
Let l(q) be the second derivative of 2*q + 0 + 0*q**2 + 1/3*q**3. What is l(6)?
12
Suppose 0 = 4*p - 32*l + 33*l - 49, 5*p + 4*l - 64 = 0. Let u(f) be the first derivative of -p*f + 4 + 1/2*f**2. Calculate u(5).
-7
Let n(z) = -z**3 - 10*z**2 + 6*z - 3. Let o(k) = -k**3 - 10*k**2 + 7*k - 4. Let x(r) = -4*n(r) + 5*o(r). Determine x(-11).
-8
Suppose 5*j = -2*y - 32, -5*j = -6*j - 4*y - 10. Let k(d) = -3*d - 6. Determine k(j).
12
Let a(u) = -1487*u + 1487*u - u**3 + 5 - 5*u**2. What is a(-4)?
-11
Let d(j) = -2*j**2 + 2*j + 4. Let g = -182 - -185. Determine d(g).
-8
Suppose 2*s - 3*w = 5*s - 39, 5*w - 9 = -s. Let b = s - 7. Let v(h) = 5*h**2 - b*h**2 - h + 0*h**2 + 3*h**2 + 3. Give v(0).
3
Suppose 2*y + 8 = 16. Let i(h) = -5 + 16*h**2 - h - 15*h**2 + 2*h. Give i(y).
15
Let l(g) = g**3 + 8*g**2 - 9*g - 11. Let b = 111 - 102. Suppose -q + b*q + 72 = 0. What is l(q)?
-11
Let q(w) be the first derivative of w**4/4 + 8*w**3/3 - w**2/2 + w - 42. Give q(-8).
9
Let b(f) = -157 - 4*f + 93 + 78. Give b(4).
-2
Let o(n) = 3*n. Let l(b) = -2*b**3 - 3*b**2 + 6*b + 6. Let f be l(-3). Let x be (-3)/f*0 - -1. Determine o(x).
3
Let a(k) = 7*k - 2. Let w(z) = -94*z - 188. Let p be w(-2). Give a(p).
-2
Let o(q) = 4*q. Let m(c) = 5*c + 1. Let u(w) = -5*m(w) + 6*o(w). Let s = -11 + 27. Let d be (-18)/24 - (-12)/s. Calculate u(d).
-5
Let q(x) be the first derivative of x**5/20 - x**4/2 + x**3/6 - 3*x**2/2 + 11*x - 2. Let m(h) be the first derivative of q(h). Give m(6).
3
Let s(k) = k**2 + 8*k - 27. Let t(r) = -r**3 - 15*r**2 + 17*r + 5. Let z be t(-16). Let g be s(z). Let u(j) = j - 1. Give u(g).
5
Let n(u) be the second derivative of 2*u**4/3 + u**3/6 - u**2/2 - 29*u. Let a = -3 + 4. What is n(a)?
8
Let r(t) = 6*t + 2. Let h = 53 - 50. Suppose 2 = h*o - 2*o. Give r(o).
14
Let k(l) = 7*l - 16. Let o(t) = 8*t - 15. Let q(b) = 7*k(b) - 6*o(b). Calculate q(0).
-22
Let p = 54 - 13. Suppose 0*r - d - 46 = -4*r, 4*d + p = 3*r. Let j(v) = v**2 - 13*v + 10. Calculate j(r).
-12
Let j(z) = -2*z**3 + 3*z**2 + 4. Let b be 783/270 + 3/30. Determine j(b).
-23
Suppose 6*t - 2*t + 23 = 5*m, 33 = 3*m + 4*t. Let a(b) = 2*b - 9. Determine a(m).
5
Let i(x) = x**2 - 3*x + 1. Let o(m) = -11*m**2 + 19*m - 8. Let t(k) = 5*i(k) + o(k). Give t(3).
-45
Let d(c) = 4*c. Let p(g) = -5*g. Let l(t) = 4*d(t) + 3*p(t). Suppose 2*i = 4*i - 14. Determine l(i).
7
Suppose -5*l + 2*y + 1 = 0, 0 = -l + 2*y - 2 - 1. Let n(m) = 9*m + 1. What is n(l)?
10
Suppose 0 - 10 = -2*j. Let z(f) = -1 + 5*f**2 + f**2 - 3 - 5*f - f**3 + 0*f**3 + 3*f. What is z(j)?
11
Let u(m) = -4*m + 1. Let b be (-2 + 5)*(-1 - (-10)/15). Calculate u(b).
5
Let a be 300/36 + 1/(-3). Let t(s) = s - 8. Let u be t(a). Let o(q) = -3*q + 0*q + q**2 + u*q - 1. What is o(4)?
3
Let i(a) = -8*a**3 - 9*a**2 - 17*a + 5. Let l(m) = -5*m**3 - 5*m**2 - 9*m + 3. Let r(g) = 3*i(g) - 5*l(g). Give r(4).
8
Let k(p) = -3*p**2 - 2*p + 27. Let n be k(-5). Let h = n + 44. Let f(w) = 0*w**2 + 6*w - 4*w**2 + w**3 - 3*w**2 - 1. What is f(h)?
-1
Let f be 1/(-4)*-2*-34. Let u = f + 21. Suppose -k - 1 = -4*z, u = -6*k + 2*k + 3*z. Let s(h) = 4*h + 1. Give s(k).
-3
Let p(o) = -o + 1465940 - 1465940 + 9*o**2. Let x be (-1 - (-5 - -1))*1. Suppose 0 = -x*k + 1 + 2. Give p(k).
8
Let s(m) be the first derivative of m**4/4 - 4*m**3/3 - 3*m**2/2 + 133. Give s(4).
-12
Let x(p) be the third derivative of p**4/12 - p**3/3 - p**2. Let k = -8477 - -8480. Calculate x(k).
4
Suppose -2*t = 4*l + 4, 3*t + 2*l = 3*l + 22. Suppose 0 = t*k - k + 25. Let n(r) = r**2 + 7*r - 2. Calculate n(k).
-12
Let m = -186 + 185. Let k(a) = 35*a + 1. Calculate k(m).
-34
Let w(r) = 0 + 2 - r**2 + 3*r + 3. Let o be w(0). Suppose u = 4*j + 2, 5 + 0 = 5*j - o*u. Let z(q) = -q - 1. Give z(j).
0
Let r(x) = -x**3 - 5*x**2 - 4*x - 2. Let f be r(-3). Let z(o) = -o**2 - 5*o + 3. Determine z(f).
-21
Let b(x) = -x**2 - 3*x + 1. Let p = 49 + -36. Let g(t) = 4*t - 56. Let z be g(p). Give b(z).
-3
Let j(l) be the second derivative of 0 + 1/12*l**4 - l**3 + 20*l - 3/2*l**2. Give j(6).
-3
Let l(r) = r**2 - r - 1. Let x(j) = -2*j**2 - 7*j - 9. Let b(g) = l(g) + x(g). Give b(-9).
-19
Let g(h) = h + 7. Let n be 10 - (1 + 9/3). Suppose 0 = 2*i + 3*k - 24, -5*i + 3*k - 6*k = -42. Suppose 3*j = -n - i. What is g(j)?
3
Let p(f) = -f + 8. Let m be 3*(-7)/(-63)*-3*0. What is p(m)?
8
Let p(u) be the first derivative of -4*u**2 - 9 + 1/3*u**3 + 4*u. Give p(4).
-12
Let f(z) be the third derivative of z**5/60 + 7*z**4/24 + z**3 + z**2. Suppose b + 9 = 3*q - 4*q, 4*q - 2*b + 6 = 0. What is f(q)?
-6
Let u(a) = 11 - a - 3*a + 5*a. Suppose -802 + 1152 = -35*k. What is u(k)?
1
Let t(m) = -m**3 + 8*m**2 - 8*m + 7. Let v be t(7). Suppose -b = 1 - v, -4*j - b - 1 = 0. Let n(a) = -a. Determine n(j).
0
Let d(p) = p + 4 + 2*p**2 + 0*p**3 - 2*p**3 + 3*p**3. Suppose 0 = -o - 3*o + 472. Let c = o - 121. Determine d(c).
-8
Let b(s) = 2*s - 19. Let c(l) = -l + 10. Let a(y) = 3*b(y) + 5*c(y). Give a(12).
5
Let h(s) = 12*s - 2. Let x = -1297 - -1296. Determine h(x).
-14
Let d(p) = 1 + 2*p + 71*p**2 - 73*p**2 + 3*p. Calculate d(4).
-11
Let o(h) = -h**3 - 5*h**2 - 4*h - 4. Let t = -180 + 176. What is o(t)?
-4
Let x(t) = 10*t**2 - 6*t. Let z be x(1). Let r be 3 + -2 + 1 + 0. Let j(b) = -z + r - 3 + 3 - b. What is j(7)?
-9
Let a(m) = -m + 1 - 5*m + 2*m**2 + 7*m - 3*m**2. Let b be 10/4 + 4/(-8). Suppose 7*h = b*h. Determine a(h).
1
Let f(i) = -10 + 17 + 4 + i. Let y be f(-12). Let n(q) = q - 3*q**2 + 2*q**2 + 0*q**2. Determine n(y).
-2
Let s(w) = -3*w - 4. Suppose 5 = r, -i - 5*r = -2 - 31. What is s(i)?
-28
Suppose -26 = 4*m - 38. Let u(b) be the third derivative of 0*b + 0 + 0*b**m - 2*b**2 - 5/24*b**4. What is u(-2)?
10
Suppose -74 = -18*j